 Does 10 divide b?
False
Let s(h) = h + 1. Let k(b) = 3*b**2 - b - 4. Let q(r) = k(r) + 2*s(r). Suppose f + 3*i = 3*f - 3, -24 = 5*f + 3*i. Does 11 divide q(f)?
True
Let b(c) = -c**3 + 2*c + 288. Is b(0) a multiple of 16?
True
Is (0 + -3)*(-245)/21 even?
False
Suppose -3*b = 2*b. Suppose 0 = -b*g + g. Suppose g = -0*l - 4*l + 192. Does 16 divide l?
True
Let m = 29 + -64. Is 10 a factor of (56/m)/(1/(-15))?
False
Does 5 divide 50*3/(45/6)?
True
Let x be -1 + 2 + -4 + 1. Is x/2 + -1 - -5 a multiple of 2?
False
Let f(m) = -m**2 + 4*m + 5. Let d be f(4). Suppose 0 = d*j - 3*g - 37, 0*j - 2*j - 6 = 4*g. Does 4 divide j?
False
Suppose 0 = -5*o + 2*v + 45, 9*o = 4*o + 5*v + 30. Is o even?
False
Suppose 5*z - 7 = 8. Suppose y = -z*y + 8. Is 9 a factor of (0 + 9*2)/y?
True
Suppose -4*f - 5*y - 10 = -36, y + 14 = 4*f. Let p(v) = -v**3 + 4*v**2 - v - 4. Let m be p(f). Let h = 1 - m. Is 9 a factor of h?
True
Let z(o) = 12*o + 8. Let s(k) = k. Let t(p) = 5*s(p) - z(p). Let l be t(6). Let h = -36 - l. Is h a multiple of 14?
True
Suppose -5*s - p + 19 = 0, 5*p - 3*p = 8. Let l(r) = 11*r**s + 4*r**3 + r - 2*r. Is l(1) a multiple of 9?
False
Suppose 2*w + 2*f - 118 = 0, 3*w + 4*f - 60 = 120. Suppose 3*u + u - w = 0. Does 7 divide u?
True
Suppose -4*w - 138 = -2*l, -5*l - 11*w + 384 = -8*w. Does 25 divide l?
True
Suppose -4*w + 2*u = -82, 101 = 5*w - 0*u - 4*u. Is 21 a factor of w?
True
Does 11 divide -1 + (24 - (0 - -1))?
True
Suppose 5*u = 3*n - 40, -62 + 12 = -3*n - 5*u. Is 15 a factor of n?
True
Let b be 1 - 2 - -7 - 2. Suppose 0 = 5*y - 0*y + 4*n + 117, -5*y = -b*n + 93. Let k = 37 + y. Is 7 a factor of k?
False
Let u be -3 + 3 + -3 - -8. Let w(t) = t**2 + 7. Is w(u) a multiple of 11?
False
Suppose -22 = -4*t - 62. Let d be (-1)/(-5) + 22/t. Does 12 divide 1 + 2 + 23 + d?
True
Suppose u + 28 = -3. Let x = u + 55. Does 8 divide x?
True
Is (1/((-2)/(-8)))/(4/154) a multiple of 22?
True
Let v(j) = 2*j**3 + 2*j**2 + 2*j + 4. Let z be -1 + -1 - -1*5. Let s be v(z). Is (6/12)/(1/s) a multiple of 19?
False
Let x = -47 - -25. Suppose 8*j - 200 = 3*j. Let s = j + x. Is s a multiple of 9?
True
Let u(n) = -19*n + 2. Let j be u(2). Let b(f) = 4*f**2 + 13*f + 14. Let d be b(-6). Let m = j + d. Is m a multiple of 13?
False
Suppose 2*f + 6 = 2*h, -f - f = -3*h + 11. Does 2 divide f - 3 - (-1 + -6)?
True
Let n(y) = -y**3 + 5*y**2 + 2*y - 2. Let q be n(5). Let m(b) = -q + 0*b**2 + 0*b - 3*b + b**2. Does 9 divide m(7)?
False
Suppose d - s + 3*s + 5 = 0, s - 14 = 5*d. Does 8 divide -3 + (d - -15)/1?
False
Let l = 3 - 5. Let z = 2 + l. Suppose z = -5*r + 2*r + 15. Is r a multiple of 3?
False
Suppose -8 + 32 = u. Is u a multiple of 24?
True
Suppose 0 = -2*a + 4*a - 160. Suppose x - 9 = 3*c + 1, 4*c = 4*x - a. Is 15 a factor of x?
False
Suppose -10 - 11 = -3*s. Suppose -s*t + 32 = -3*t. Suppose 4*y + t = 0, r - 3*y = -r + 18. Is r a multiple of 3?
True
Let s be 14*1*6/7. Suppose 0 = 4*j - s, 3*l + 11 = -5*j + 74. Is l a multiple of 4?
True
Let w(g) = g**2 + 3*g. Let i be 33/12*(5 + -1). Suppose c + 0*o - i = -o, -5*o + 25 = 0. Is 21 a factor of w(c)?
False
Suppose 5*t - 2*y + 249 = 2*y, 0 = t + 2*y + 47. Suppose 21 = -2*v - 5. Let c = v - t. Is c a multiple of 12?
True
Let c(w) = -w**2 - 12*w - 4. Is c(-6) a multiple of 16?
True
Suppose -5*s + s + 32 = 0. Is s a multiple of 4?
True
Let w(l) be the first derivative of -l**4/4 - 16*l**3/3 - l**2/2 + 12*l - 6. Is w(-16) a multiple of 17?
False
Let f = 14 - 25. Is 4 a factor of (-4)/22 + (-101)/f?
False
Let d = 43 - -3. Does 5 divide d?
False
Suppose 5*d - 308 = -2*x, 0 = 3*d - 2*x - 2*x - 164. Is 30 a factor of d?
True
Let r be 14/(-10) - (-12)/30. Is 16 a factor of r/6 + (-139)/(-6)?
False
Let c(y) = -8*y - 2. Let r(m) = 7*m + 2. Let g(a) = -6*c(a) - 7*r(a). Let b be g(3). Let v(n) = -n**2 - 9*n - 3. Is v(b) a multiple of 15?
False
Let j be 6/(-15) + 35/25. Is (-8)/(-8) + (36 - j) a multiple of 13?
False
Let z be (54/15 + -3)*5. Suppose -z*f + 15 = -3. Is 6 a factor of f?
True
Let i be 1 - 4/(3 + -5). Let r(f) = -4*f - 4 - i*f + f. Is r(-4) a multiple of 7?
False
Suppose 7 = 4*h + 3. Let x(n) = 8*n**3 - n**2 + 1. Let q be x(h). Suppose -q = y - 2*y. Does 4 divide y?
True
Let c(f) = f - 2. Let h(q) = -1. Let g(y) = -c(y) - 4*h(y). Suppose 0 = -0*n - n. Does 6 divide g(n)?
True
Let q(c) = 2*c**3 + 2*c - 1. Let d be q(1). Is 20 - (d/3 - 2) a multiple of 21?
True
Let c(i) = -5*i**2 - 15*i - 7. Let l(h) = -h**2 - 4*h - 2. Let d(b) = -6*c(b) + 22*l(b). Let p be d(2). Let u = p - 24. Does 5 divide u?
True
Let k = 75 + -69. Is k a multiple of 5?
False
Suppose 0 = -b - 3*w - 58, 2*b - 3*w + 116 = -8*w. Let j = b + 87. Is 12 a factor of j?
False
Let z(x) = -8*x - 18. Let p be z(13). Let n = -87 - p. Is 9 a factor of n?
False
Suppose 0*w - 5*w + 1550 = 0. Does 6 divide 1/2 - w/(-20)?
False
Suppose -3*t + 8 = 2. Suppose 5*b - 4*p = 116, -b + 25 - t = -p. Is 12 a factor of b?
True
Does 11 divide 3*(-2 - (-17)/3)?
True
Let b = -5 + 8. Let l(r) = r**3. Is 15 a factor of l(b)?
False
Let o(q) be the second derivative of q**5/20 + 2*q**4/3 + 3*q**2 + 2*q. Is o(-8) a multiple of 3?
True
Suppose -2*w = -4*x - 128, w - 5*x - 1 = 69. Is w a multiple of 15?
True
Let x(n) = 10*n**2 - 10*n - 12. Is x(-3) a multiple of 7?
False
Let h(n) = -3*n + 6. Let j be h(-3). Suppose -2*p = -7*p + j. Is 3 a factor of p?
True
Let y(z) = -z - 6. Let w be y(-9). Suppose 6*c = w*c + 66. Is 22 a factor of c?
True
Let v = -25 - -34. Is v a multiple of 9?
True
Suppose -3*o + 35 = b, 59 = 2*b - 3*o + 16. Is 9 a factor of b?
False
Let l(z) = -z**2 + 7*z - 7. Let c be l(5). Let g be (2 - c)*-1*15. Let b = -11 + g. Does 3 divide b?
False
Suppose 5*o + 3*p - 351 = 0, 3*p - 5*p = -4*o + 272. Is o a multiple of 23?
True
Let p = 12 + 0. Suppose 0 = -2*f - p - 16. Let x = 25 + f. Is x a multiple of 3?
False
Let x be (-1)/3 + (-1845)/(-27). Let h = -22 + x. Does 13 divide h?
False
Let c be 1/((-3)/201)*-1. Let u = c - 44. Is 7 a factor of u?
False
Suppose -f + q = -8, q - 12 = -2*f + 4. Is f a multiple of 3?
False
Suppose 0 = -6*k + 3*k - 21. Let l(w) = w**2 + 3*w + 6. Let s be l(k). Let z = 49 - s. Is z a multiple of 11?
False
Let d = 0 - 1. Let g be ((-10)/6)/(d/6). Suppose z + g = 4*l - 7, 0 = -l + 2*z + 13. Does 3 divide l?
True
Let o(r) = -r + 5. Let t be o(6). Is 14 a factor of 38 - 3 - (-2 + t)?
False
Suppose -5*g + 12 = -b, -2*b = -6*b + 2*g + 6. Suppose 0 = -w + b*w - 22. Is 8 a factor of w?
False
Suppose -2*u = -4*a + 8, 5*a + 4 = -4*u - 12. Let s = u + 8. Suppose -5*q + 6*r + 133 = 5*r, s*q = -2*r + 98. Does 13 divide q?
True
Suppose 3*o - 5*d - 18 = 0, -d - 2*d = 3*o - 18. Suppose 0*q - 16 = -4*q. Suppose -9 = -3*n, q*c + o*n - 116 = 2*n. Does 13 divide c?
True
Let k(p) = -p**3 - 9*p**2 + 13*p + 9. Is k(-11) a multiple of 4?
True
Suppose -3*s + 153 = 5*i, -5*s + 20 - 75 = -2*i. Is 6 a factor of i?
True
Suppose 401 - 2 = 7*o. Is o a multiple of 19?
True
Let p(n) = -32*n + 6. Let s be p(-6). Suppose -s = -5*o + 2*o. Is o a multiple of 15?
False
Let b be -2 + 6 + 4/4. Suppose b*q = 3*q + 142. Is q a multiple of 24?
False
Let h = -38 + 71. Is 6 a factor of h?
False
Let i be 107/(-7) - 6/(-21). Does 5 divide (-86)/(-6) + 5/i?
False
Suppose -5*s = -4*u + 49, 2*s = -3*u + 41 + 13. Let o = u + -9. Is o a multiple of 2?
False
Suppose 0 = -f + 2*f. Suppose -5*s = 4*a - 114, -4*s - 5*a + 35 + 49 = f. Does 13 divide s?
True
Let z(p) = -p**3 - 3*p**2 - 2*p. Is z(-4) a multiple of 9?
False
Let v = 168 - 112. Is v a multiple of 13?
False
Is (-25)/(-2)*256/80 a multiple of 8?
True
Let k = -1 - -1. Suppose k*i = -i. Suppose 3*r + i*r = 54. Does 9 divide r?
True
Let d(r) = r**3 + 7*r**2 + 2*r + 2. Suppose -k + 4 + 0 = 0. Suppose -k*j - 18 = -j. Is 13 a factor of d(j)?
True
Let c = -57 + 34. Let q(o) = o**3 + 2*o**2 + o - 1. Let z be q(-3). Let x = z - c. Is 4 a factor of x?
False
Suppose 0*z + z = 0. Let l = z + 5. Suppose 3*w + 0*w = -l*t + 57, 3*t = 2*w - 19. Is 7 a factor of w?
True
Let a = 1 - -2. Suppose 0 = -2*y + a*y. Suppose y = -k + 17 - 5. Is k a multiple of 12?
True
Let n = 153 - 54. Does 9 divide n?
True
Let m(v) = v + 9. Let y be m(-7). Suppose 0 = 2*x + y*d - 102, 4*x - 5*d = -0*d + 168. Is 13 a factor of x?
False
Let i be 50/(-15)*3/(-2). Suppose -i*w - 70 = -3*w. Is 9 